ivided by 9259?
1382
What is the remainder when 2986099 is divided by 102964?
143
Calculate the remainder when 17956685 is divided by 12.
5
Calculate the remainder when 32375939 is divided by 39921.
8
What is the remainder when 5415347 is divided by 23342?
3
What is the remainder when 7527069 is divided by 368?
365
Calculate the remainder when 14035017 is divided by 427.
381
What is the remainder when 10529 is divided by 707?
631
Calculate the remainder when 227896316 is divided by 40.
36
Calculate the remainder when 427237 is divided by 20164.
3793
What is the remainder when 61402724 is divided by 45?
44
What is the remainder when 7851360 is divided by 2854?
6
What is the remainder when 123827 is divided by 515?
227
What is the remainder when 6163 is divided by 106?
15
Calculate the remainder when 354758 is divided by 35403.
728
What is the remainder when 41720014 is divided by 24?
22
Calculate the remainder when 1176456 is divided by 23.
6
What is the remainder when 84102 is divided by 27859?
525
What is the remainder when 22920 is divided by 112?
72
What is the remainder when 14086 is divided by 193?
190
Calculate the remainder when 27800 is divided by 27793.
7
Calculate the remainder when 86622 is divided by 164.
30
Calculate the remainder when 7954 is divided by 2638.
40
Calculate the remainder when 31044128 is divided by 2636.
2592
Calculate the remainder when 26785 is divided by 24.
1
What is the remainder when 263017 is divided by 37371?
1420
Calculate the remainder when 12611772 is divided by 1525.
22
Calculate the remainder when 87190017 is divided by 36.
33
Calculate the remainder when 5760218 is divided by 1824.
26
What is the remainder when 135896 is divided by 2486?
1652
Calculate the remainder when 76131 is divided by 37710.
711
Calculate the remainder when 949854 is divided by 2779.
2215
What is the remainder when 13078 is divided by 12162?
916
What is the remainder when 61230005 is divided by 30615000?
5
What is the remainder when 109383 is divided by 873?
258
Calculate the remainder when 143033446 is divided by 3695.
3691
What is the remainder when 2384596 is divided by 36686?
6
What is the remainder when 161241 is divided by 161235?
6
Calculate the remainder when 12944446 is divided by 216.
214
What is the remainder when 526804 is divided by 4413?
1657
Calculate the remainder when 759432 is divided by 163.
15
Calculate the remainder when 212015 is divided by 10070.
545
What is the remainder when 1604582 is divided by 229202?
168
Calculate the remainder when 303502 is divided by 43347.
73
Calculate the remainder when 3986042 is divided by 29.
21
What is the remainder when 197732 is divided by 6178?
36
What is the remainder when 106651 is divided by 9924?
7411
Calculate the remainder when 113301 is divided by 421.
52
What is the remainder when 736745 is divided by 10996?
13
What is the remainder when 25138672 is divided by 815?
812
What is the remainder when 23293053 is divided by 384?
381
What is the remainder when 1934792 is divided by 4349?
3836
What is the remainder when 1197303 is divided by 598529?
245
Calculate the remainder when 204209953 is divided by 863.
852
Calculate the remainder when 288650 is divided by 202.
194
What is the remainder when 19787997 is divided by 2125?
2122
What is the remainder when 191829235 is divided by 59?
57
What is the remainder when 390769 is divided by 6?
1
Calculate the remainder when 8935 is divided by 2105.
515
Calculate the remainder when 30283 is divided by 1157.
201
What is the remainder when 27156444 is divided by 18?
6
Calculate the remainder when 2516406 is divided by 1020.
66
Calculate the remainder when 4349 is divided by 1434.
47
What is the remainder when 3302479 is divided by 303?
82
Calculate the remainder when 310566 is divided by 4139.
141
What is the remainder when 547635 is divided by 177?
174
Calculate the remainder when 843064 is divided by 703.
167
Calculate the remainder when 2039209 is divided by 28719.
160
What is the remainder when 22813 is divided by 11398?
17
What is the remainder when 1944181 is divided by 137?
14
What is the remainder when 1513938 is divided by 429?
426
What is the remainder when 49935 is divided by 1325?
910
What is the remainder when 695604524 is divided by 206?
204
Calculate the remainder when 141649 is divided by 574.
445
What is the remainder when 750966 is divided by 21456?
6
What is the remainder when 677444 is divided by 676406?
1038
What is the remainder when 9007491 is divided by 90?
21
Calculate the remainder when 18010 is divided by 16462.
1548
What is the remainder when 4395412 is divided by 264?
76
What is the remainder when 112919 is divided by 1282?
103
What is the remainder when 120258 is divided by 17088?
642
What is the remainder when 284695 is divided by 6?
1
Calculate the remainder when 614984 is divided by 17569.
69
What is the remainder when 582411 is divided by 2800?
11
Calculate the remainder when 67889359 is divided by 3394467.
19
Calculate the remainder when 447925 is divided by 1134.
1129
What is the remainder when 37333 is divided by 239?
49
Calculate the remainder when 868544 is divided by 1246.
82
Calculate the remainder when 14467198 is divided by 1174.
1170
Calculate the remainder when 219864 is divided by 112.
8
Calculate the remainder when 134101 is divided by 481.
383
Calculate the remainder when 1418191 is divided by 6166.
11
Calculate the remainder when 5873132 is divided by 734131.
84
What is the remainder when 64259335 is divided by 1488?
55
Calculate the remainder when 40300 is divided by 2223.
286
What is the remainder when 29806853 is divided by 2292834?
11
What is the remainder when 84057 is divided by 82928?
1129
Calculate the remainder when 133078776 is divided by 73.
68
Calculate the remainder when 69604 is divided by 508.
8
What is the remainder when 56654 is divided by 10842?
2444
Calculate the remainder when 22206300 is divided by 5063.
5045
What is the remainder when 113778 is divided by 2716?
2422
What is the remainder when 33131426 is divided by 44?
42
Calculate the remainder when 4577946 is divided by 114448.
26
Calculate the remainder when 1517032 is divided by 1517020.
12
Calculate the remainder when 184508 is divided by 2098.
1982
Calculate the remainder when 1697654 is divided by 3985.
44
What is the remainder when 798539 is divided by 762?
725
Calculate the remainder when 96217062 is divided by 45.
42
What is the remainder when 5764 is divided by 192?
4
What is the remainder when 565115165 is divided by 693?
692
Calculate the remainder when 8966831 is divided by 48.
47
What is the remainder when 694870 is divided by 7302?
1180
What is the remainder when 250081 is divided by 1169?
1084
Calculate the remainder when 88457176 is divided by 18.
10
What is the remainder when 6968217 is divided by 961?
6
What is the remainder when 1918465 is divided by 959224?
17
Calculate the remainder when 5119532 is divided by 14.
12
What is the remainder when 45706 is divided by 38943?
6763
Calculate the remainder when 127831 is divided by 7082.
355
Calculate the remainder when 98301895 is divided by 2849.
2848
What is the remainder when 3484767 is divided by 696907?
232
What is the remainder when 5117195 is divided by 85?
25
Calculate the remainder when 903425 is divided by 1042.
11
Calculate the remainder when 7242101 is divided by 466.
461
Calculate the remainder when 1153722 is divided by 96117.
318
What is the remainder when 2106842 is divided by 1010?
992
What is the remainder when 4275527 is divided by 39?
35
Calculate the remainder when 13166236 is divided by 6583114.
8
Calculate the remainder when 14805364 is divided by 90.
4
What is the remainder when 9718303 is divided by 254?
9
Calculate the remainder when 1619240 is divided by 134933.
44
Calculate the remainder when 425016 is divided by 634.
236
Calculate the remainder when 102196 is divided by 2077.
423
What is the remainder when 47870007 is divided by 174?
171
Calculate the remainder when 2447611 is divided by 186.
37
What is the remainder when 18104400 is divided by 885?
840
Calculate the remainder when 348857 is divided by 98.
75
Calculate the remainder when 174727782 is divided by 191.
27
What is the remainder when 79209 is divided